0 = -3*u - 2*j + 110, 0 = 4*u - 4*j - 44 - 76. Suppose -5*w + u = -4*w. Is 17 a factor of w?
True
Let x(n) = -n**2 - 4*n + 12. Let h be x(-5). Suppose -4*l - 4*w = -184, -2*l - w = -h*l + 242. Let g = l + -25. Is 4 a factor of g?
False
Let m(i) = 92*i - 74. Is 19 a factor of m(7)?
True
Is 12/(-5*6/(-885)) a multiple of 17?
False
Suppose 313*k = 296*k + 20876. Does 125 divide k?
False
Let q(n) = 4*n**3 - 5*n**3 + 4*n + 2*n**2 - 2 + 1 - 1. Let l be q(2). Suppose 0 = l*t - 4 - 38. Is t a multiple of 7?
True
Let d = 12 + -8. Suppose d*i + 4*h = 20, 0*i + 4*i + 2*h - 16 = 0. Suppose z + 31 = i*k, 4*k - 21 = k + 3*z. Does 12 divide k?
True
Let u(h) = 56*h**3 + 8*h**2 - 6*h - 11. Let s(q) = 19*q**3 + 3*q**2 - 2*q - 4. Let o(n) = 8*s(n) - 3*u(n). Let l = 81 + -82. Does 15 divide o(l)?
True
Let s = 147 - 80. Let d = 65 + s. Is d a multiple of 11?
True
Suppose 5*y + 4*v - 13 = 7, -5*y = -3*v + 15. Is 220/15*6 + y a multiple of 11?
True
Suppose n - 2*o = 5*n - 2, o - 1 = -n. Let u be 11 - (n + -2 + 1). Does 6 divide 339/u - 2/8?
False
Let h = 15 + -13. Let o(b) = b + 5*b + b - b**h - b**3 + 7*b**2. Does 16 divide o(5)?
False
Let c(u) = u**3 + 4*u**2 + 6*u - 1. Let r be c(-5). Let z = r + 16. Let t = z + 84. Does 11 divide t?
True
Let b(f) = -44*f - 2. Let c(t) = -t. Let d(s) = -b(s) + 10*c(s). Let h be (2/8)/((-5)/(-20)). Is 6 a factor of d(h)?
True
Let i = -122 + 304. Does 5 divide i?
False
Let h be (11 - 1)*(2 - 1). Let v(o) = -4*o - 8. Let g be v(-3). Let a = h + g. Does 5 divide a?
False
Suppose 663*r + 2586 = 665*r. Does 22 divide r?
False
Is -597*(-1 - -3)/((-102)/221) a multiple of 13?
True
Let t = -278 + 414. Is 34 a factor of t?
True
Is 18 a factor of (-2)/(-9)*-6 - 440/(-6)?
True
Suppose i - 16 = -13. Suppose i*d - s + 5*s = 144, 0 = -4*d + 3*s + 192. Suppose 50 = 5*m - 3*x - 18, -4*m + d = 4*x. Is 10 a factor of m?
False
Suppose -b + 4*g = -1 - 3, -3*b + 23 = -g. Suppose 4*u - 97 = 5*d + 41, -4*d - b = 0. Suppose -3*s + s = -u. Is s a multiple of 8?
True
Let v(w) = -6*w + 18. Let q be v(9). Does 26 divide q/15 + 3 + (-3891)/(-15)?
True
Suppose 2 = -170*s + 172*s, 1081 = r + 5*s. Is 11 a factor of r?
False
Let i(r) = 4*r - 2. Let u(k) = -2*k. Let j(v) = i(v) + 4*u(v). Suppose 8 = -6*h + 2*h. Is j(h) a multiple of 6?
True
Let g(z) = 28*z + 493. Does 17 divide g(-7)?
False
Let b(m) = -m**3 - 4*m**2 + m + 361. Is b(0) a multiple of 19?
True
Suppose -3*f + 401 = -2*y, -8*f + 5*y + 413 = -5*f. Is f a multiple of 27?
False
Let h = 17 + -17. Suppose -4*x + h*x = -2*o - 146, 5*o = -4*x + 139. Is x a multiple of 12?
True
Let h = 2 - 4. Let y(j) = 7. Let m(o) = -o - 6. Let s(n) = 5*m(n) + 4*y(n). Is s(h) a multiple of 8?
True
Suppose -379*q = -388*q + 5544. Is q a multiple of 28?
True
Let j = 983 - 353. Is 40 a factor of j?
False
Let o(i) = i**2 + 26*i - 49. Is o(22) a multiple of 53?
True
Suppose -5*z + 910 = -d - 933, 5*z = -4*d + 1853. Does 9 divide z?
True
Suppose -2*q = 10*q - 720. Is 12 a factor of q?
True
Suppose -48*x = -13*x - 47320. Is 13 a factor of x?
True
Suppose -4*p = -5*j - 6*p - 43, -3*j - 5*p - 22 = 0. Let r(o) = 5*o + 10. Let i be r(j). Let l = -24 - i. Does 11 divide l?
True
Let p(l) = 4*l**2 - 3. Let h be p(-3). Suppose -h = -2*o - 2*a + a, 2*o = 3*a + 45. Is o a multiple of 3?
True
Let v(k) be the first derivative of k**4/4 + 8*k**3/3 - 2*k**2 - 5*k - 7. Is v(-5) a multiple of 10?
True
Let d(z) = 2*z - 19. Let f be d(9). Is (3/3 - f)*2 a multiple of 4?
True
Suppose b = -0*b + 15. Suppose 13*g = 8*g + b. Is 15 a factor of 47 - (27/g)/3?
False
Suppose 155 = -2*q + 31. Let h = 273 + q. Is 20 a factor of h?
False
Suppose 8*a - 1105 - 543 = 0. Is 4 a factor of a?
False
Let j(v) = -37*v**3 + v**2 + 6*v + 6. Does 12 divide j(-3)?
True
Let c(s) = -4*s - 4. Let d be c(0). Is 5 a factor of 14/d*(19296/56)/(-9)?
False
Let p be (0/1)/(6 - 7). Let t be (p + -123)/((-15)/(-10)). Let j = t + 159. Is 23 a factor of j?
False
Suppose -11*v - 12 = -10*v. Let h = 214 + v. Does 13 divide h?
False
Suppose 2*z = 3*z - 5*b - 48, 3*b = -12. Is 5 a factor of z/2 - (-2 - -2)?
False
Let k = -243 - 16. Let c = k - -448. Is 21 a factor of c?
True
Let s be -3 - (2 + -4 - 1). Suppose 2*u - 39 - 39 = s. Is u a multiple of 3?
True
Does 37 divide (54/4)/(2362/(-296) - -8)?
True
Let h be (-320)/(-12)*(-27)/(-2). Suppose -2*f - 4*r - 82 = -h, -f + 136 = r. Is 19 a factor of f?
True
Let f = 4043 + -2671. Does 14 divide f?
True
Let h = -2762 - -5078. Does 10 divide h?
False
Does 6 divide -15*(68/510 + (-4)/3)?
True
Let f = -349 - -405. Is f a multiple of 9?
False
Let p = 441 + -265. Is p a multiple of 44?
True
Suppose 0 = 31*l - 16*l - 5610. Does 6 divide l?
False
Let v(d) = 17*d - 158. Is v(34) a multiple of 84?
True
Suppose 0 = 10*p - 35 - 5. Suppose p*c - 827 + 215 = 0. Does 6 divide c?
False
Suppose -d + 29 = 4*n - 5, 0 = 3*n - 15. Suppose -105 - 1163 = -2*v. Is 18 a factor of d/(-35) + v/10?
False
Suppose 5*p = 4*k + p + 76, -25 = -5*p. Let l(h) = 2*h + 33. Does 4 divide l(k)?
False
Let b = -12 - -28. Let u = b - 13. Suppose -u*m = -4*m + 84. Does 28 divide m?
True
Is 3 a factor of (5 - 12) + (-5 + -74)*-7?
True
Suppose 3*n + 124 = 664. Let y = n - 105. Does 10 divide y?
False
Let v = -2047 + 3013. Does 23 divide v?
True
Let b(o) = -3*o + 3*o**2 + 6 - o**2 - 1. Let u be b(-4). Let s = u + -22. Is 10 a factor of s?
False
Suppose 2*m = 6*x - x + 5, -3*m + 2 = -2*x. Let a be m/(-1) - 3/(-1). Is 9*((-10)/a)/(-5) a multiple of 2?
True
Let p(k) = 5*k + 3. Let x be p(2). Let c = -10 + x. Let s = 14 - c. Is s a multiple of 9?
False
Let b(t) = t**3 + 4*t**2 - 10*t + 12. Is b(6) a multiple of 24?
True
Suppose -6*l - 125 = -l + 5*a, 5*l - 4*a + 89 = 0. Let b = -17 - l. Suppose n + b*v - 32 = 0, 0 = -5*n + 2*v + 170 - 54. Is n a multiple of 11?
False
Suppose -25*z = -458 - 67. Does 15 divide z?
False
Let l = -2397 + 4164. Is 34 a factor of l?
False
Suppose -n - 4*d = -79, 4*n - 312 = -d - 11. Let b = n + -39. Does 36 divide b?
True
Suppose 0 = 2*x - 1282 + 510. Let b = x - 237. Is 28 a factor of b?
False
Let x(q) = -46*q + 44. Is 21 a factor of x(-10)?
True
Let a be 602/49 - (10/(-14) - -1). Let n = 40 - a. Is n a multiple of 7?
True
Let x(h) = 173 - h**2 - 173 - 10*h. Is x(-7) a multiple of 21?
True
Let b(n) = -10*n - 5. Let f be b(-4). Let h be (-14)/f + 836/(-10). Is 1/(((-10)/h)/5) a multiple of 21?
True
Let k(o) = 16*o**2 - 6*o - 18. Is k(-6) a multiple of 54?
True
Suppose -727 = -7*i + 57. Does 5 divide i?
False
Let k(d) = d**2 - 2. Let q be k(2). Suppose 0 = -q*l - m + 185 + 22, 3*l + 4*m = 303. Let p = -65 + l. Does 24 divide p?
False
Let v(y) = 9*y - 8. Let w be v(-6). Let d = w - -110. Is d a multiple of 8?
True
Let v = -12 + 14. Suppose -v = b - 0*b. Does 12 divide 246/21 - b/7?
True
Suppose z - 2 = 2. Suppose w - 4*u = z*w + 46, -w - 22 = 3*u. Does 9 divide (-10)/4*136/w?
False
Suppose 0 = v + 2*d - 9, 1 = 4*d - 7. Suppose r - v = -3*f, -3*f + 4*f = -4*r + 53. Is r a multiple of 12?
False
Is 114/266 - 10914/(-14) a multiple of 15?
True
Suppose j - 41 = -43. Let l = 12 - j. Does 14 divide l?
True
Does 28 divide 422/1*3/2?
False
Let p(m) = m + 18. Suppose -7*f + 4 = -24. Is p(f) a multiple of 3?
False
Suppose -3*p = 4*p + 21. Is p - (2 + 0) - -80 a multiple of 25?
True
Let h = 3265 - 2418. Is h a multiple of 11?
True
Suppose 0*h - l - 265 = -4*h, l = -1. Is 42 a factor of h?
False
Let x(q) = -9*q**3 - q**2 - 6*q - 1. Is 6 a factor of x(-3)?
False
Let x be 77068/28 + -4 - (-9)/(-21). Is 9 a factor of x/15 - 5/25?
False
Suppose -28*w + 187 = -17*w. Does 17 divide w?
True
Suppose -2*m + 2*i + 762 = 2*m, -m - 5*i = -207. Is m a multiple of 12?
True
Let q be ((-42)/(-5))/(18/120). Suppose q = -b + 8*b. Is 4 a factor of (8/(-5))/(b/(-60))?
True
Let c be (-2)/6 + (-3340)/(-30). Let n = c + -21. Is 18 a factor of n?
True
Let v be 4/14 - (-2346)/21. Let y(x) = 2*x**3 - x**2 + 2*x + 7. Let b be y(-3). Let j = v + b. Does 21 divide j?
False
Suppose 4*f = 3*f. Let s(v) = v**2 + v - 196. Let r be s(f). Is 7 a factor of r/(-9) + (-10)/(-45)?
False
Let r = 4 + 0. Suppose -3*l + 4*k + 253 = 0, r*l = -l - 2*k + 439. Is l a multiple of 22?
False
Suppose 34*s = -49*s + 48970. Is s even?
True
Let f(h) = h**3 + h**2 + 12*h - 27. Is f(9) a multiple of 33?
True
Let f = 1477 - 923. Supp